uppose 3*j + 2013 = 609. Let h = -218 - j. What is the hundreds digit of h?
2
Let j(i) = 86*i**2 - 2*i + 2. Let b be 416/(-9) - ((-125)/(-45) + -3). Let v = b - -47. What is the units digit of j(v)?
6
Suppose 10*g + 17*g = -7020. Let q = 612 + g. What is the hundreds digit of q?
3
Let a = 26 - 46. Let m be (-3358)/(-10) - (-4 + (-76)/a). Suppose -n = 3*n - m. What is the tens digit of n?
8
Let c(a) = 64*a + 12 + 24 - 72 + 21 - 2*a**2. What is the units digit of c(26)?
7
Let n(u) = u**3 + 6*u**2 + 7*u - 4. Let i be n(-4). Suppose -5*h - 68 - 112 = i. What is the hundreds digit of (-229)/(-3)*h/(-12)?
2
Let s(u) = -3*u**3 - 5*u**2 + u + 10. Let z be s(-4). Suppose -6*a = -2134 + z. What is the tens digit of a?
3
Suppose 311*m - 69*m - 4578685 + 608433 = 0. What is the units digit of m?
6
What is the tens digit of (173 + 11612)*(0 - 2/(-2))?
8
Let p(j) = 2*j**2 + 4*j + 548. Suppose 0 = -5*u + 4*b - 8, -17 = 4*u - 5*b - 7. What is the hundreds digit of p(u)?
5
Suppose -2*w = 38 - 44. Let j(v) be the second derivative of 5*v**3/6 - 3*v**2/2 + 3*v. What is the units digit of j(w)?
2
Let u(v) = -182*v + 132. What is the thousands digit of u(-16)?
3
What is the hundreds digit of (68552/16 - -4)/(4 + (-29)/8)?
4
Let r = -9 - -15. Suppose 93*j + 136 = 127*j. Suppose 0 = r*o - j - 14. What is the units digit of o?
3
Let d be (84/(-16))/(6/(-16)). Suppose -55 = -d*t + 1. Suppose 2*f - 6*f = t*m - 1024, -2*f = -4*m - 518. What is the hundreds digit of f?
2
Let r(p) = -28*p**3 + 55*p**2 + 335*p + 5. What is the hundreds digit of r(-7)?
9
Let d = -56 + 60. Suppose d*w + 208 = -196. Let p = w + 163. What is the tens digit of p?
6
Let d = 9087 - 4752. What is the units digit of d?
5
Let r = 5526 + -2896. Suppose 4*h - r = -2*l, 4*h = -2*l + h + 2627. What is the thousands digit of l?
1
Suppose -2*x - 8 + 4 = 0. Let m be (5 + 0)*x*(-3)/6. Suppose -3*d = -m*g - 283, 0*d + 5*d + 2*g - 513 = 0. What is the hundreds digit of d?
1
Suppose -6*k = -24 - 6. Let y = k - 13. What is the tens digit of (-5 - y) + 3 + 279 + 3?
8
Let p(v) = v**2 - 12*v + 31. Let l be p(-16). Suppose l = u - 70. Suppose -4*h - 276 = -2*y, 4*h + h + u = 4*y. What is the tens digit of y?
3
Let a = 26 + 360. Let o = -147 + -56. Let x = o + a. What is the hundreds digit of x?
1
Suppose 2*p = -2*y - 4, -2*p + 3*y = -3*p - 10. Suppose p*n = -6, -7309 = -5*w + 2*n + 297. Suppose 9*d + w = 17*d. What is the units digit of d?
0
Suppose 16*a + 11586 = 18*a. What is the tens digit of a?
9
Let d = -13720 + 18576. What is the hundreds digit of d?
8
Let o = -828 + 2148. Suppose -5*n = -4*r - 7544, -3*n = -5*r - 5849 + o. What is the units digit of n?
8
Let z be (-5 + (-1242)/2)*1. Let v = -409 - z. What is the units digit of v?
7
Let z = 44111 - -6180. What is the thousands digit of z?
0
Suppose -2*n = -2*p - 66246, 8*p - 5*p - 99387 = -3*n. What is the thousands digit of n?
3
Let w be (-8)/10 - 59/(-5). Let x(b) = -2*b**2 + 9*b + 3. Let a(y) = -2*y**2 + 9*y + 3. Let r(v) = -3*a(v) + 2*x(v). What is the tens digit of r(w)?
4
Let p = 414 - 490. What is the hundreds digit of -92*(3 - p/(-8))?
5
What is the tens digit of 16 - 20/2 - -6*3825/6?
3
Suppose -108*f + 6458612 - 420796 = 118*f. What is the units digit of f?
6
What is the hundreds digit of 18/(-42) - 55051/(-7)?
8
Suppose 11*s - 15*s = -104. Suppose -s*i = -27*i. Suppose 4*z - 43 = -y - 0*z, i = -3*y - 2*z + 119. What is the units digit of y?
9
Suppose 6*p - 8642 = 4*j, -3*p = -5*j + 541 - 4877. What is the tens digit of p?
3
Let u be -4 - (9 + -11)/(4/18). Suppose -4*j = -j + k + 22, -3*k = u*j + 38. What is the units digit of (12/(4 + j))/((-2)/121)?
2
Let a = -793 - -1391. Let b = 841 - a. Suppose 2*o - 110 = 2*y, -3*o = -8*o - 3*y + b. What is the tens digit of o?
5
Suppose 68*h - 59*h = 0. Suppose h = -5*t - 10*o + 8*o + 452, 108 = t - 4*o. What is the tens digit of t?
9
Suppose -11 = -3*x + 5*g, 5*x + 0*g = -3*g + 7. Suppose 12 = -x*m - 4*m. What is the tens digit of (-9)/(-5 - m) - -60?
6
Let u(p) = 109*p**2 - 106*p + 10. What is the thousands digit of u(9)?
7
Let g(u) = 66*u**2 - 4*u + 4. Let p be ((-8)/36)/((2 - 3)/9). What is the hundreds digit of g(p)?
2
Suppose -i - 5 = 0, 0 = 161*l - 163*l + 3*i + 100493. What is the thousands digit of l?
0
Suppose -118700 = -42*t + 22*t. What is the tens digit of t?
3
Suppose 4*r + 3*k = 45, 5*r = 8*r - 3*k - 39. Suppose 3*d = 4*d - 788. Suppose 16*a - r*a - d = 0. What is the hundreds digit of a?
1
Let x(r) = r**2 - 23*r + 202. Let v be x(18). Suppose 109*c = v*c - 2289. What is the hundreds digit of c?
7
Suppose -5*u = 5*p - 270, 0 = -3*u + 8*p - 5*p + 162. Suppose 17*r + u = 11*r. What is the units digit of -3*(24/r + -1)?
1
Let n(b) be the first derivative of 11*b**4/24 + 4*b**3/3 + 7*b**2 - 3. Let x(u) be the second derivative of n(u). What is the units digit of x(4)?
2
Let i(l) = 2420*l**2 - 3*l + 2. What is the units digit of i(1)?
9
Suppose -2*r + 7421 = z, 8*z - 12*z = -4*r - 29684. What is the hundreds digit of z?
4
Suppose n = -0*n - 5, 0 = 5*m - 2*n - 17530. Suppose 5*c - 13*c + m = 0. What is the tens digit of c?
3
Let s(v) = 2*v**2 + 132*v - 289. What is the hundreds digit of s(54)?
6
Suppose -59 = -18*w - 347. What is the units digit of 773 + ((-5)/(-20))/(4/w)?
2
Suppose 44128 = 4*p + 5*g, 2*p = 5*p - 5*g - 33061. What is the thousands digit of p?
1
Let x(s) be the third derivative of -19*s**6/720 + s**5/8 + s**4/24 + 46*s**2. Let m(h) be the second derivative of x(h). What is the tens digit of m(-9)?
8
Let u = -53 - -55. Suppose u*n + 5*p = -12, -p = 4*n + 3*p. Suppose n*r - 1 - 347 = 0. What is the units digit of r?
7
Suppose 0 = 21*b - 19*b - 288. Suppose -4*o = 2*o - b. What is the units digit of o?
4
Let t = 23466 + -11501. What is the units digit of t?
5
Suppose 6*d + 5*p = 3*d + 37, 2*d - 23 = -3*p. Suppose d*y - 4 = 0, -2*u = -y + 199 - 598. Suppose -8*x + 680 = -u. What is the tens digit of x?
1
Suppose 3*j + 13*r = 10*r + 11847, 5*j = -2*r + 19748. What is the hundreds digit of j?
9
Let h(d) be the second derivative of -d**3/2 - 20*d**2 - 39*d. Let q be h(-14). What is the hundreds digit of 209/q + (9/(-2))/(-9)?
1
Let a(s) = 2*s**2 + 48*s - 49. Let f be a(-25). What is the units digit of (-3)/(12/(-68)) + f?
8
Suppose -2*c + 17182 = 4*h, 153*h + 42903 = 5*c + 150*h. What is the tens digit of c?
8
Suppose -w + 6*w = 2*p + 12, 0 = 3*w - 5*p + 8. Let i be 10/w - 2 - 10/20. Suppose 3*g - 69 = 3*m, i = 2*g + m - 6*m - 31. What is the units digit of g?
8
Let s(g) = -14*g - 4. Let q be s(-3). Suppose 3*z - q = -2*r, 47 = 4*z - 3*r + 2*r. Suppose z*v = 6*v + 1080. What is the hundreds digit of v?
1
Suppose -l + 0*l - 3*h = -66, -15 = 5*h. Suppose l*u = 82*u - 4032. What is the units digit of u?
6
Suppose 39*v = 32*v + 21. Suppose -4530 = 10*s - 13*s + v*a, -s = 5*a - 1504. What is the units digit of s?
9
Suppose 36*g - 47*g = -55. Suppose 3*l - 8*l + 1 = -4*r, 0 = -4*r - l + g. What is the units digit of r?
1
Let m(p) = -2*p + 5. Let w be m(5). Let k(v) be the first derivative of v**3 + 2*v**2 - 2*v - 882. What is the units digit of k(w)?
3
Let d be ((-33737)/22)/((-1)/2). Suppose x + 3*q = -89 + 847, -4*x + d = 5*q. What is the units digit of x?
3
Let g(m) = -m**3 + 20*m**2 - 19*m + 14. Let q(c) = 2*c**3 - 40*c**2 + 37*c - 28. Let l(r) = -9*g(r) - 4*q(r). What is the hundreds digit of l(20)?
4
Let d(k) = k**2 - 33*k - 30. Let x be d(10). Let h = 0 - -3. What is the units digit of (x/6)/(((-16)/h)/8)?
5
What is the thousands digit of (84/21)/((-10)/(-170610))?
8
Suppose -2*d = -14, -24*f + 28*f + 5*d = 104219. What is the tens digit of f?
4
Let j(v) = 12*v**3 - 3*v - 2*v**2 + 5 + 9*v**2 + 5 - 2*v**2 - 5*v. What is the units digit of j(3)?
5
Let t(k) = -30*k**3 - 2*k**2 + 81*k + 390. What is the tens digit of t(-6)?
1
Let o(u) = u**3 + 7*u**2 + 6*u - 13. Let k be o(-5). Suppose -4*b = -3*h - k, 4*h = -0*h - 4. What is the units digit of 24/(-60)*(-1 + -144)/b?
8
Let m = -1335 - 851. Let s = -240 - m. What is the thousands digit of s?
1
Suppose 3*k = -5*f + 60444, 3*k - 25527 - 10737 = -3*f. What is the ten thousands digit of f?
1
Let l = 7 - 1. Suppose -s + 376 = -2*v, v + 5*s + 49 = -128. Let c = l - v. What is the tens digit of c?
9
Let z be (-38)/133 - (-107)/7. What is the ten